00001010010 (base 2) to base 7.
-24103
Convert -1311 (base 4) to base 2.
-1110101
Convert -1210020021 (base 3) to base 7.
-204340
-414 (base 5) to base 11
-9a
4133 (base 12) to base 6
52503
-df4 (base 16) to base 15
-10d2
What is 34b (base 16) in base 12?
5a3
Convert -596 (base 14) to base 6.
-5052
149b (base 15) to base 10
4421
What is -13033 (base 7) in base 2?
-110101111110
Convert 4b2 (base 13) to base 3.
1010102
3434 (base 11) to base 2
1000110100010
What is b6b8 (base 14) in base 7?
160621
What is 195 (base 10) in base 16?
c3
What is -1404250 (base 6) in base 2?
-10011001110000110
Convert 1010210102 (base 3) to base 2.
101011110110000
Convert d482 (base 14) to base 8.
107332
Convert 10c9 (base 16) to base 9.
5804
Convert -312501 (base 6) to base 8.
-61225
173 (base 11) to base 5
1301
What is 2193 (base 12) in base 4?
321333
112617 (base 8) to base 13
14572
-1100000 (base 2) to base 6
-240
What is 61053 (base 8) in base 14?
9231
What is 21287 (base 9) in base 15?
4297
What is 53 (base 13) in base 7?
125
What is -68ba (base 15) in base 3?
-1010111011
Convert -1110001010 (base 2) to base 15.
-406
What is -1a6 (base 12) in base 14?
-154
What is -5c7 (base 13) in base 12?
-700
Convert 1010 (base 5) to base 7.
244
-40b (base 15) to base 16
-38f
932 (base 16) to base 3
10020012
Convert -468 (base 9) to base 16.
-182
8a (base 15) to base 4
2002
Convert -856 (base 9) to base 15.
-319
-565 (base 7) to base 16
-124
a5b9 (base 13) to base 8
54667
Convert -13030012 (base 4) to base 2.
-111001100000110
Convert -20c2 (base 15) to base 10.
-6932
Convert 1104 (base 6) to base 7.
514
-44b (base 15) to base 2
-1111001011
Convert -122 (base 13) to base 7.
-401
What is 14151 (base 8) in base 2?
1100001101001
Convert -122 (base 7) to base 11.
-5a
What is 13524 (base 7) in base 16?
e6d
Convert 606 (base 14) to base 7.
3306
What is -b05 (base 12) in base 9?
-2155
-115212 (base 7) to base 4
-11020212
101110 (base 3) to base 12
1b6
Convert -1042 (base 7) to base 5.
-2443
Convert -549 (base 10) to base 13.
-333
What is 2022102 (base 4) in base 5?
240400
What is 187a1 (base 13) in base 9?
72073
-125 (base 7) to base 8
-104
104342 (base 8) to base 10
35042
-1270 (base 8) to base 6
-3120
Convert -1000101011111 (base 2) to base 14.
-1899
What is -210122111 (base 3) in base 12?
-9171
-1b87 (base 15) to base 13
-294a
Convert -4754 (base 14) to base 5.
-344142
What is 11534 (base 6) in base 4?
122302
28604 (base 9) to base 5
1110234
Convert 883 (base 15) to base 7.
5415
What is 99a (base 14) in base 8?
3554
13103302 (base 4) to base 14
aca6
-15a1 (base 11) to base 14
-a63
-1154 (base 7) to base 5
-3211
Convert -30123 (base 4) to base 10.
-795
What is 110110011110 (base 2) in base 6?
24050
-754 (base 11) to base 16
-38a
1ab (base 16) to base 13
26b
What is -1633 (base 11) in base 4?
-200231
Convert 110001010111 (base 2) to base 10.
3159
What is -523 (base 7) in base 12?
-19a
What is -3db9 (base 15) in base 6?
-141120
Convert 3222 (base 4) to base 12.
176
What is -208 (base 10) in base 2?
-11010000
b4a (base 15) to base 6
15441
c00 (base 14) to base 8
4460
Convert 211212 (base 3) to base 5.
4432
What is 6042 (base 7) in base 15?
943
Convert 105b2 (base 13) to base 11.
20225
2454 (base 9) to base 7
5224
Convert 21734 (base 9) to base 12.
8441
What is -3945 (base 15) in base 6?
-132315
What is -31133 (base 8) in base 12?
-7563
What is -120212 (base 4) in base 10?
-1574
What is 22320 (base 4) in base 10?
696
What is -111000101110 (base 2) in base 7?
-13404
101110000 (base 2) to base 3
111122
Convert -150a (base 11) to base 13.
-b69
What is -816 (base 13) in base 6?
-10203
94 (base 11) to base 15
6d
Convert -6b57 (base 14) to base 2.
-100100100001001
What is 10100 (base 7) in base 11?
1928
-1726 (base 8) to base 2
-1111010110
Convert -301133 (base 5) to base 2.
-10010101000111
Convert 20444 (base 5) to base 7.
4002
Convert -135 (base 7) to base 3.
-2210
Convert -2906 (base 10) to base 8.
-5532
-100001011100101 (base 2) to base 6
-211141
216031 (base 7) to base 15
b44a
Convert -10367 (base 9) to base 14.
-2705
What is -7946 (base 15) in base 12?
-12a70
What is -2110212 (base 3) in base 13?
-a8b
What is 1252 (base 10) in base 5?
20002
-155 (base 13) to base 6
-1035
Convert 133 (base 7) to base 8.
111
130 (base 7) to base 15
4a
-15705 (base 10) to base 6
-200413
-338 (base 11) to base 5
-3104
213513 (base 6) to base 7
102363
-45 (base 16) to base 10
-69
Convert -106 (base 14) to base 8.
-312
Convert -6a88 (base 11) to base 13.
-42ca
What is 2621 (base 11) in base 7?
12642
-1425 (base 10) to base 16
-591
13133112 (base 4) to base 9
46066
Convert -10101001100011 (base 2) to base 7.
-43431
-62 (base 12) to base 15
-4e
13341 (base 5) to base 11
907
Convert 249 (base 11) to base 3.
101221
Convert -111100 (base 2) to base 6.
-140
110002 (base 4) to base 5
20112
Convert -1578 (base 9) to base 2.
-10010110101
-2a06 (base 13) to base 7
-23520
Convert 101021110 (base 3) to base 8.
16503
Convert -4cd4 (base 14) to base 13.
-61c7
Convert -23209 (base 10) to base 3.
-1011211121
-26546 (base 10) to base 15
-7ceb
Convert -d8 (base 15) to base 7.
-410
What is -3283 (base 10) in base 12?
-1a97
What is 11623 (base 7) in base 6?
22051
31113 (base 10) to base 8
74611
What is -76601 (base 8) in base 13?
-11816
Convert 486 (base 13) to base 15.
376
-1010010100100010 (base 2) to base 4
-22110202
12000 (base 3) to base 15
90
1233 (base 16) to base 15
15a9
-122 (base 12) to base 5
-1140
10011111101 (base 2) to base 5
20102
Convert 11310 (base 5) to base 10.
830
66751 (base 10) to base 7
365416
-1a8 (base 16) to base 10
-424
What is 101110111001 (base 2) in base 8?
5671
24811 (base 9) to base 16
4138
Convert 5 (base 12) to base 8.
5
What is -190 (base 12) in base 3?
-100100
What is -8655 (base 10) in base 4?
-2013033
2451 (base 6) to base 9
744
Convert -22032 (base 4) to base 7.
-1623
Convert 5b61 (base 12) to base 9.
15111
What is -594 (base 11) in base 16?
-2c4
Convert 141101 (base 5) to base 6.
42424
Convert -404 (base 14) to base 6.
-3352
Convert -10643 (base 8) to base 15.
-1510
Convert 7040 (base 9) to base 2.
1010000010011
Convert 3011 (base 12) to base 13.
249a
-709 (base 15) to base 10
-1584
Convert b0 (base 12) to base 8.
204
What is 91 (base 15) in base 8?
210
2ad2 (base 15) to base 2
10001111101101
What is -221 (base 10) in base 8?
-335
What is -18227 (base 9) in base 4?
-3010210
What is -10100011101111 (base 2) in base 7?
-42360
Convert 1312104 (base 5) to base 3.
1022112102
-7d (base 16) to base 13
-98
-20221201 (base 3) to base 6
-35244
Convert 10211 (base 3) to base 10.
103
516 (base 9) to base 5
3140
What is 24255 (base 8) in base 5?
313123
Convert 577 (base 13) to base 8.
1657
What is 30350 (base 8) in base 12?
72b4
12056 (base 7) to base 3
11021212
Convert -10030 (base 4) to base 16.
-10c
Convert 1111021 (base 3) to base 4.
100333
Convert 5a7a (base 16) to base 8.
55172
2012212 (base 3) to base 15
72b
13010011 (base 4) to base 8
70405
What is -28d (base 15) in base 14?
-2d9
What is -362 (base 12) in base 2?
-111111010
7a3 (base 15) to base 3
2101000
-132110 (base 4) to base 6
-12552
5054 (base 7) to base 4
123122
Convert -202110 (base 4) to base 8.
-4224
Convert 2032112 (base 4) to base 2.
10001110010110
-95a (base 15) to base 14
-aaa
101201111 (base 3) to base 8
17210
125452 (base 7) to base 2
101110000000101
What is -5013 (base 6) in base 7?
-3114
What is -5624 (base 10) in base 15?
-19ee
What is -131334 (base 6) in base 2?
-10111011101010
4493 (base 14) to base 5
340024
What is -412 (base 5) in base 10?
-107
Convert -2200212111 (base 3) to base 8.
-147602
Convert -8924 (base 10) to base 12.
-51b8
3a3 (base 13) to base 3
212201
-419 (base 11) to base 14
-280
Convert 66 (base 11) to base 12.
60
Convert 2379 (base 15) to base 4.
1311303
What is 2164 (base 10) in base 4?
201310
What is 3045 (base 8) in base 9?
2137
What is 8f4 (base 16) in base 5?
33132
-dc5 (base 15) to base 8
-6046
What is -311120 (base 4) in base 15?
-102b
210002221 (base 3) to base 8
36034
Convert 61b (base 14) to base 2.
10010110001
What is -959 (base 11) in base 12?
-801
What is 5461 (base 8) in base 10?
2865
Convert -40a6 (base 13) to base 4.
-2023130
1680 (base 10) to base 6
11440
What is 10211010 (base 3) i